hat are the prime factors of r(t)?
11
Suppose 4*h = 12*h + 2224. Let t = -196 - h. List the prime factors of t.
2, 41
List the prime factors of 39/52 - 573/(-4).
2, 3
Let d(l) = l**3 + 11*l**2 + l - 9. List the prime factors of d(-8).
5, 7
Let m = 4 + -4. Suppose 0 = 5*u - m*u + 70. List the prime factors of 9/21 - 78/u.
2, 3
Let u = -1 - -8. Let h be 19/u + 20/70. Suppose -s + 4*j = -0*s - 52, 92 = h*s + 4*j. What are the prime factors of s?
2, 3
Let w(f) = -9*f**2 + 2*f + 1. Let c be w(-1). List the prime factors of c/6 - (-745)/15.
2, 3
Let c(r) = 14*r - 1. Let f be 5/15*-3*-7. List the prime factors of c(f).
97
Let q be 12/60 + 262/(-10). Let a = -45 - q. Let f = 21 - a. What are the prime factors of f?
2, 5
Suppose 0 = 4*s + 5*p - 80, -2 - 5 = -s + 2*p. Let r be (-84)/(-16) + s/20. Suppose -11*g = -r*g - 205. List the prime factors of g.
41
Let u be 2/((-7)/((-49)/2)). Suppose 3*h - u = -1. Suppose -h*m = -m + 2*p - 45, -195 = -5*m - 4*p. List the prime factors of m.
5, 7
Suppose 5*a - 6 = l, 0*a - 4*a + 5*l = 12. Suppose -3*q + 34 = 3*b - 8, -40 = -2*q + a*b. List the prime factors of q.
17
Let u = -1727 + 2506. List the prime factors of u.
19, 41
Suppose 264 = o - 222. What are the prime factors of o?
2, 3
Let c(a) = -9*a + 7*a**3 + a**2 + 10 + 8*a**2 - 8*a**3. Let m be c(8). What are the prime factors of m/(-6) + 237/9?
2, 13
Let u = -73 - -401. What are the prime factors of u?
2, 41
Let p(c) = c**2 - 3*c - 2. Let w be p(4). Suppose -3*l - s + 106 = 0, -w*s + 42 = 2*l - l. Let y = l + -10. What are the prime factors of y?
2, 3
Let t(i) = -i**2 - 5*i - 2. Let d be t(-4). Suppose 1 = -9*f + 1. Suppose f = -5*h - 5, 2*u - d*h + 14 = 4*u. What are the prime factors of u?
2
Let t = -142 + 531. List the prime factors of t.
389
Let f(k) = -k**3 + 10*k**2. Let z be f(9). Suppose -3*o + 18 + z = 0. What are the prime factors of o?
3, 11
Suppose 26*j + 880 - 3142 = 0. List the prime factors of j.
3, 29
Let c(n) = -n**3 + 3*n**2 - 3*n + 285. What are the prime factors of c(0)?
3, 5, 19
Suppose 0*m + 3*m = -15. Let x = 20 + m. What are the prime factors of (-55)/(-1) + -15 + x?
5, 11
Let f(b) = -b - 3. Let m be f(-6). Suppose 5*k = -w - m*w + 31, 4*w + 2*k - 46 = 0. List the prime factors of 640/w + (-8)/(-28).
2, 23
Suppose 0 = 5*g - 2*g + 5*b - 11, 3*g + 2*b = -1. Let p be 26*(g - (-15)/6). Let x = -3 - p. What are the prime factors of x?
2, 5
Let y(n) be the first derivative of n**4/4 + 4*n**3 + 11*n**2/2 + 25*n + 13. What are the prime factors of y(-5)?
5, 29
What are the prime factors of (91044/(-243))/(2/(-9))?
2, 3, 281
Let t(m) = -191*m + 8. Let l be t(-2). Suppose 0 = 3*o - 8*o + l. List the prime factors of o.
2, 3, 13
Let d = 339 + -214. Suppose 4*c - 473 = -d. What are the prime factors of c?
3, 29
Suppose 23*p + 16 = 19*p. Let j be 4/4 + 86 - p. Suppose j + 74 = 3*r. What are the prime factors of r?
5, 11
Suppose 4*m = 5*y + 101 + 111, 3*m - 4*y - 160 = 0. Let t be -3 + (m/(-3))/(-2). What are the prime factors of 6 + t/((-20)/8)?
2
Let y(u) = -45*u**3 - u**2 + 1. Let w = 21 + -22. Let d be 1*(-2 + w) - -2. List the prime factors of y(d).
3, 5
Suppose 0 = -49*w + 28*w + 5187. List the prime factors of w.
13, 19
Let k(v) = 41*v**3 - 5*v**2 - v + 34. List the prime factors of k(4).
2, 3, 11, 13
Suppose 2*c - 2 - 6 = 0. Suppose 25*n = 29*n - 8. Suppose -82 = -c*x + n*a - a, -4*x - a + 86 = 0. List the prime factors of x.
3, 7
Let t(h) = h**2 - 10*h + 9. Let f be t(6). Let j = f - -12. What are the prime factors of (j + 4)/((-1)/(-4))?
2
Suppose 3*a = -4*n + 903, 10*n + 1204 = 4*a + 12*n. List the prime factors of a.
7, 43
Let y = 237 + 173. List the prime factors of y.
2, 5, 41
What are the prime factors of (113 - 2) + -16 + 12?
107
Let r = -587 - 7. List the prime factors of r/(-8) - 0 - (-29)/(-116).
2, 37
Suppose 5*b - 16 = -3*t + t, 3*t = 2*b - 14. Suppose -a = a - b. Suppose -a*c = -5 - 5. List the prime factors of c.
5
Suppose 2*l = 6*l - 8. Let s be 13 - 4 - (-15)/(-3). Suppose -s*k = l - 86. List the prime factors of k.
3, 7
What are the prime factors of 6*6/(-342) - 56607/(-57)?
3, 331
Let x(c) = -c**3 - 5*c**2 - 2*c + 1. Let s be x(-5). Suppose 8*q - 15*q = -133. Let p = q - s. What are the prime factors of p?
2
Let h(n) = n**3 - 12*n**2 - 2*n + 26. Let j be h(12). Suppose -p = 2 - 7, j*i - 188 = 2*p. What are the prime factors of i?
3, 11
What are the prime factors of 24070/30 + (-2)/(-3)?
11, 73
Let f = -2441 - -5646. What are the prime factors of f?
5, 641
Suppose 46956 = 64*m - 12*m. List the prime factors of m.
3, 7, 43
Let s = 306 - 245. What are the prime factors of s?
61
Let a = -145 - -207. List the prime factors of a.
2, 31
Let a be -2*9/2 + 4. Let x = a - -19. What are the prime factors of (-3)/1*(-1 - x)?
3, 5
Let u be 2*30 - (5 + -9). Suppose u = 3*n + 10. What are the prime factors of n?
2, 3
Suppose j = -3, 5*i = 2*i - 2*j. Suppose 3*t + o + 0*o = 76, -o = i*t - 52. List the prime factors of t.
2, 3
Let g(s) = 20*s - 11. Let h be g(5). Let w = h + -30. Suppose w = 2*v - v. List the prime factors of v.
59
Suppose 0 = -14*g + 45*g - 46407. List the prime factors of g.
3, 499
Let o(v) = 12*v**2 + 4*v + 6. What are the prime factors of o(5)?
2, 163
Let h(n) = 5*n + 1. Let w(i) = -15*i - 2. Let a(u) = 7*h(u) + 2*w(u). Let j(t) = -t**3 + 4*t**2 + 6*t - 2. Let k be j(5). List the prime factors of a(k).
2, 3
List the prime factors of (1/(-1))/(9/531)*-31.
31, 59
Suppose 20 = s - 4*b, 0*s = -2*s + 2*b + 40. Suppose 0 = -g + s + 19. Suppose g = 4*r - 57. List the prime factors of r.
2, 3
Let n(c) = 300*c**2 - 4*c + 12. List the prime factors of n(2).
2, 7, 43
Let y = 49 - 21. Suppose 3*h = -h - 16, -m = -h - y. What are the prime factors of 4/m*3*30?
3, 5
Let u = -355 - -622. List the prime factors of (3 - 1)/(6/u).
89
Suppose 2*p = 2*x - 230, x - 3*p - 111 - 4 = 0. Let o = 172 - x. List the prime factors of o.
3, 19
Suppose 0 = -3*s + 7*s - 28. Suppose -2*b + 130 = 3*q - s*b, -40 = -q + b. What are the prime factors of q?
5, 7
Suppose -3*w = -4*y + 483, y + 3*w = -y + 255. Suppose -4*r + r + 4*g + y = 0, -5*g + 123 = 3*r. List the prime factors of r.
41
Let g be (-296)/3 - 3/9. Let d = -63 - g. Suppose 0 = -2*b + d - 8. What are the prime factors of b?
2, 7
Suppose -2104*o + 2098*o = -5322. List the prime factors of o.
887
Let k(g) = -127*g + 151. What are the prime factors of k(-5)?
2, 3, 131
Suppose -8 + 32 = 2*v - 2*k, 0 = -2*v - 3*k + 19. Suppose v*s + 162 = 2857. List the prime factors of s.
5, 7
Suppose f + 3*r + r = -16, -3*r = -5*f + 12. Suppose -2*s + s - 2*x + 34 = f, -111 = -4*s - 3*x. Suppose a - 9 - s = 0. What are the prime factors of a?
3, 11
What are the prime factors of (-516)/(-516)*1*(0 + 851)?
23, 37
Suppose 0*k + 4*k - 1668 = -2*i, 826 = 2*k + 5*i. List the prime factors of k.
2, 11, 19
Suppose -5*l + 3*f = -l - 247, 2*l - 2*f = 126. List the prime factors of l - (1 + (-8)/4).
59
Suppose q + 845 = 2*u - 964, 0 = 5*u - 2*q - 4525. List the prime factors of u.
907
Suppose 6*q - 4418 = 12010. What are the prime factors of q?
2, 37
Let j = 424 + -9. List the prime factors of j.
5, 83
Let g(a) = -3*a**3 + 11*a**2 - 17*a + 141. Let w(m) = -m**3 + 4*m**2 - 6*m + 47. Let x(u) = 4*g(u) - 11*w(u). What are the prime factors of x(0)?
47
Let o(b) = b - 11. Let x be o(10). Let a be (3 + -2)*x + 3. Suppose -6*q + 24 = -a*q. What are the prime factors of q?
2, 3
Let r = -103 - -145. Let q = 76 - r. What are the prime factors of q?
2, 17
Suppose l - 15 = 4*l. Let w(i) = -10*i + 4. Let b be w(l). Suppose 22*p - 24*p + b = 0. What are the prime factors of p?
3
Let u(j) = 8*j**2 - 14*j + 19. List the prime factors of u(-9).
13, 61
Let z be 8 - 4 - 4*-30. Suppose -3*a = -7*a + z. List the prime factors of a.
31
Let y(m) = 33*m - 212. List the prime factors of y(17).
349
Suppose -31*o + 30*o - 4*t = -1061, 1070 = o + t. List the prime factors of o.
29, 37
Suppose 3*j + 4*d = -2*j + 39, j - 3 = 4*d. Suppose -3*o - 326 = -4*u, j*u - 330 = 3*u + o. List the prime factors of u.
83
Suppose 42 = -5*l + 57. Suppose k - 4*w = 238, -5*k + l*w = -0*k - 1105. List the prime factors of k.
2, 109
Let b(g) = -g**3 - 19*g**2 + 11*g + 25. Let a be b(-20). Let d = a - 66. List the prime factors of d.
139
Suppose -15*d = -12*d - 225. 